1). Suppose 4*b + 2*n - n = 2, 3*n = -5*b - v. What is the units digit of (b/(-2))/((-3)/126)?
1
Let j = 83 - 78. Suppose -454 = -j*l + 586. What is the hundreds digit of l?
2
Let f = 24 - 20. Suppose -f*b + 147 = -s, 72 = -5*b - 3*s + 243. What is the tens digit of b?
3
Suppose -5*z + 17*q + 7155 = 20*q, -2*q - 10 = 0. What is the hundreds digit of z?
4
Let a be (-4)/(-12)*5/(20/(-2148)). Let c = a + 287. What is the hundreds digit of c?
1
Let o = 138 - 2. What is the units digit of o?
6
Let d be (-2)/(-14) - (-876)/42. Let t = d - 16. What is the units digit of t?
5
Let l = -59 - -84. Let j be (20/l)/((-4)/(-140)). Let i = 90 - j. What is the tens digit of i?
6
Suppose -6*s + 3*s + 1059 = 0. Let u = 497 - s. Suppose 2*q = -3*h + 147, 0 = -7*h + 4*h - 3*q + u. What is the tens digit of h?
5
Let k(a) = -a**2 + 7*a - 13. Let v be k(3). What is the units digit of (83*v)/((-31)/31)?
3
Let c = -14 - -22. Suppose 4*q - c = -2*d + 2, -5*d - 19 = -q. Suppose b + 3*h - 12 = 0, -5*b + q*h - 5*h + 116 = 0. What is the tens digit of b?
2
Let g = -9 + 7. What is the units digit of g + (53/(-2))/((-4)/8)?
1
Let s be ((-2)/(-5))/(26/260). Suppose 5*n - 403 = 3*a + 292, s*n - 539 = -a. What is the hundreds digit of n?
1
Let z(q) = -2*q + 14. Let w be -11 + 7/((-14)/(-4)). What is the units digit of z(w)?
2
Let k(i) = i**3 - 8*i**2 + 9*i - 9. Let p(b) = -b**3 + 9*b**2 - 10*b + 10. Let q(v) = -7*k(v) - 6*p(v). Let f be q(2). What is the units digit of 4/(1/(1 - f))?
6
Suppose j + 63 = 5*k, 3*j + 33 = 3*k - 0*k. Suppose k = d - 84. What is the units digit of d?
7
Let j be 8*-3 - 4/4. Let c = 21 + j. What is the units digit of 3 + ((-8)/c)/(-1)?
1
Let o(y) = -y**2 - 13*y - 7. Let i be o(-12). What is the tens digit of (-5 - i)/2 + 30?
2
Suppose -11 = -5*x + 4, 5 = 5*y - 5*x. Suppose -5*c = -y*c. What is the tens digit of -13*(1 + c)*-1?
1
Let a = -260 - -848. Suppose 5*h + 0 + 5 = 0, 4*c - a = 4*h. What is the units digit of c?
6
Suppose 15 = 3*s, -3*k = -5*s - 1308 - 371. What is the units digit of k?
8
Let h = 24 + -40. What is the tens digit of (h/10)/(((-6)/(-55))/(-3))?
4
Let f = 1063 + -605. What is the tens digit of f?
5
Suppose g - 274 = -4*d - 0*d, 15 = -5*d. What is the units digit of g?
6
Let i = -5 + 35. Let f = i - -1. Let g = f + 12. What is the tens digit of g?
4
Suppose 96514 + 158916 = 89*w. What is the thousands digit of w?
2
Suppose 7*f = -5*p + 12036, 3*p - 7226 = -3*f + f. What is the thousands digit of p?
2
Let t be 18/(-27) + (-34)/(-6). Suppose 0 = -7*a + 2*a + 2*u + 482, -91 = -a - t*u. What is the units digit of a?
6
Let z be (-3)/(-2) + 19*(-102)/12. Let s = z - -278. What is the units digit of s?
8
Let p be (36/(-30))/(3/(-160)). Let d = 98 - p. What is the tens digit of d?
3
Suppose -8896 = 5*i - 13*i. What is the units digit of i?
2
Let q(d) be the first derivative of 5/3*d**3 + d**2 + 2*d - 6. What is the tens digit of q(3)?
5
Let i be 2/5 - (-540)/150. Suppose 144 = 3*c - 12. Suppose 0*y + c = i*y. What is the tens digit of y?
1
Suppose -3*i = 2*z - 47, 3*z - 6 - 6 = 0. Suppose -3 + i = -2*r. Let n(t) = 2*t**2 + 5*t + 8. What is the units digit of n(r)?
3
Let r(k) = -k**3 + k - 1. Let b = -8 - -4. Let n(z) = -6*z**3 + z**2 + 3*z - 5. Let m(i) = b*r(i) + n(i). What is the units digit of m(-1)?
3
Let f be ((-65)/52)/(2/8). Let a(m) = m**2 + m - 7. What is the tens digit of a(f)?
1
Let w(o) = -13*o**3 - o**2 - 9*o - 32. What is the units digit of w(-5)?
3
Let d = 14 - 11. Suppose -d*s + s + 50 = 0. What is the tens digit of s?
2
Let p = 74 + -41. What is the units digit of p?
3
What is the units digit of ((-909)/(-12))/((-42)/(-280))?
5
Let u = -502 + 2341. What is the units digit of u?
9
Suppose -59*h + 31286 + 1931 = 0. What is the hundreds digit of h?
5
What is the units digit of (-12)/18*1/(-2)*348?
6
Let l(g) = 2*g**2 - 12*g - 10. Let o(q) = q + 15. Let t be o(-6). What is the tens digit of l(t)?
4
What is the units digit of ((-1)/2)/(3/(-654))?
9
Suppose 0 = 2*o + x, -4*o + 0*x - 8 = 4*x. What is the units digit of (o + (3 - 8) + 8)*3?
5
Let f = 66 - 28. Let m(n) = -46 + f*n**3 + 46 - n**2. What is the units digit of m(1)?
7
Suppose -2930 - 5298 = -17*a. Let q = a + -256. What is the tens digit of q?
2
Let f(x) = -x**3 - 12*x**2 - 3*x - 6. Let d be f(-12). Suppose -z + d + 4 = 0. Let c = -14 + z. What is the tens digit of c?
2
Let j = 11 - 0. Let d = -6 + j. Let g = 22 + d. What is the tens digit of g?
2
Suppose 21*r = 2459 + 18415. What is the hundreds digit of r?
9
Let c(o) = -5 - o - o**3 + 13*o + 0*o**3 - 3*o**2 + 9*o**2. What is the tens digit of c(6)?
6
Let y = 25 + -20. Suppose 0 = -i - y*s - 1, 2*i = -3*i + 3*s + 135. Suppose i = w + 10. What is the units digit of w?
4
Let o(v) = 1323*v - 1. What is the thousands digit of o(3)?
3
Let w(k) = 5*k**3 - 12*k**2 - 14*k + 5. Let g(l) = -11*l**3 + 24*l**2 + 28*l - 11. Let d(c) = 6*g(c) + 13*w(c). What is the units digit of d(-11)?
2
Let r be ((-3)/(-3) - -28)/(5/5). Let q = 72 - r. What is the tens digit of q?
4
Suppose j = -4*w - 254, -405 = 4*w - 3*j - 159. Let x be 4/(-22) + (-96)/(-44). What is the units digit of (-2817)/w + x/7?
5
Let x = -1268 + 2324. What is the thousands digit of x?
1
Let g = -91 - -12. Let x = 139 + g. Let p = -31 + x. What is the tens digit of p?
2
Let v be 2/(3 - (-25)/(-10)). Suppose -2*w = -p + 33, 0 = -3*p - 6*w + v*w + 123. What is the units digit of p?
9
Suppose 20*l - 17*l - 6 = 0. Suppose 5*n + 127 = 4*x, -l*x = 3*x + 2*n - 134. What is the units digit of x?
8
Let v(w) = 3*w**2 + 4*w + 2. Let g be v(-1). What is the tens digit of ((-24)/(-60))/(g/120)?
4
Let y = -146 - -1190. What is the thousands digit of y?
1
Let n(t) = 204*t + 374. What is the units digit of n(9)?
0
Let x(d) = 5*d**2 + 9*d - 7*d**2 + 6*d**2 - 11*d - 6 - d**3. What is the tens digit of x(-3)?
6
Let l(d) = 520*d - 6. What is the tens digit of l(10)?
9
What is the tens digit of 18/33 - 1424/(-11)?
3
Let t(h) = h**2 + 2*h - 1. Suppose 3*k + 9 = -0. Let f be t(k). Suppose -f*p + 12 = -12. What is the tens digit of p?
1
What is the units digit of (-1)/(-5) + 11007/15?
4
Let k be -1 - -63 - (-22 + 18). Suppose -k*r + 36 = -64*r. What is the units digit of r?
8
Let w(y) = 427*y**2 - 8*y + 7. Let o be w(1). Let j = -180 + o. What is the tens digit of j?
4
Let b = 19 + 43. Suppose -6*o = -482 + b. What is the tens digit of o?
7
Suppose -5*h = -v + 204, -4*h = -1 - 15. What is the units digit of v?
4
Let u be 2/(-6) - 735/(-45). Suppose n - 1 = -i + 4, -2*n - 5*i = -u. Let h = n + 24. What is the units digit of h?
7
Let t(f) = -f**2 - f - 1. Let c be t(11). Let z = c - -263. What is the hundreds digit of z?
1
Suppose -5*q - 722 = -232. Let l = -35 - q. What is the units digit of (2/3 + 0)*l?
2
Suppose 0*w = 3*c - w + 79, -4*w - 76 = 2*c. What is the units digit of ((-57)/4)/(1 - (-35)/c)?
7
Suppose 10322 = 3*q + 10*q. What is the hundreds digit of q?
7
Let g = 7 + -2. Suppose 2*d + 3*d - g*x + 675 = 0, 5*x = -5*d - 725. What is the tens digit of (d/(-25))/(2/5)?
1
Suppose 21 = -5*t - k, 6*t + 4*k + 20 = 2*t. Let n = 6 + t. Suppose 0*c = -n*c - 5*a + 51, 0 = -3*c + a + 102. What is the units digit of c?
3
Suppose 36*a = 25*a + 5577. What is the hundreds digit of a?
5
Suppose -2*o + 2144 = 2*z, -8*z - 5*o = -4*z - 4283. What is the thousands digit of z?
1
Let r be ((-515)/(-10))/((-12)/(-8) + -2). Let f = -90 - r. What is the units digit of f?
3
Let y be 63/((-2)/2) - 4/(-2). Let x = y + 93. What is the tens digit of x?
3
Let r = 538 - 367. What is the hundreds digit of r?
1
Let k(h) = -1790*h**3 + 5*h**2 + 4*h - 2. What is the units digit of k(-1)?
9
Suppose -4*i = -7*i + 15. Let k = -118 + 186. Suppose k = -h + i*h. What is the units digit of h?
7
Let t = -68 - -128. Suppose -4*c + 7 = 5*y - 46, -5*c = -4*y - 56. Suppose c = 4*g, -3*u + g = -0*u - t. What is the tens digit of u?
2
Let x(i) = -91*i - 9. Let k(w) = 2*w**2 - 21*w - 13. Let u be k(11). What is the tens digit of x(u)?
7
Suppose -3*g + 5*g = 24. Suppose -t = -5*v - g - 9, 5*t = 3*v - 5. What is the units digit of -14*(-8)/t*-1?
8
Let b(w) = 56*w + 176. What is the hundreds digit of b(9)?
6
Suppose 4*d - 73 = -17. Suppose 0 = x + l - 97, 2*x + l = 207 - d. Suppose -x = -3*o + o. What is the units digit of o?
8
Suppose 